t + 6*t. List the prime factors of t.
79
Suppose 3*v = 4*d + 87 - 613, 659 = 5*d - 3*v. List the prime factors of d.
7, 19
Suppose -n - 5*n + 4058 = 2*v, -3*v + 687 = n. What are the prime factors of n?
3, 5
Let n(b) = -2*b - 6. Let x be n(-5). Suppose 0 = x*r + 14 - 50. List the prime factors of (r - 7) + (-1 - 1) + 14.
2, 7
Let h(y) be the third derivative of y**5/30 - 5*y**4/24 + y**3/3 - 25*y**2 - 2*y. Let a = 16 + -9. List the prime factors of h(a).
5, 13
Suppose -12*z = 7 - 55. Let r be 0 - (1 - (-28)/(-16))*z. Suppose -2*m - 486 = -r*p + 2*m, 4*m + 648 = 4*p. What are the prime factors of p?
2, 3
Let g(l) = 408*l**2 + 6*l + 12. Let k be g(-2). What are the prime factors of 6/(-1) + 4 + k?
2, 5, 163
Let s(o) = -29*o - 54. Let a(n) = -146*n - 271. Let m(u) = 2*a(u) - 11*s(u). What are the prime factors of m(18)?
2, 269
Suppose -9*q + 5*q + 660 = 0. Let n = 374 - q. List the prime factors of n.
11, 19
Suppose -21 + 13 = -2*l. Let f(q) = -q**2 + 6*q - 5. Let t be f(l). List the prime factors of 17/(14/(-5) + t).
5, 17
Let v(o) = 6*o**2 + 28*o + 3. Suppose 3*n - 36 = 7*n. List the prime factors of v(n).
3, 79
Let b(k) be the second derivative of 11*k**3/2 - 117*k**2/2 - 13*k. List the prime factors of b(11).
2, 3, 41
Let a(q) = q**3 + 11*q**2 + 9*q - 8. Let p be a(-10). Suppose 0 = p*y + 4*y. Suppose -2*z - 2*j + 88 = y, -7 = -4*j + 9. What are the prime factors of z?
2, 5
Let d(a) = a**3 + 19*a**2 + 17*a - 87. Let o(z) = -z**2. Let t be o(-4). What are the prime factors of d(t)?
409
Let k(h) = -2*h**3 - 64*h**2 - 272*h + 73. What are the prime factors of k(-39)?
5, 1279
Let a = -361 - -169. Let w(g) = 18*g - 155. Let y be w(25). Let c = a + y. What are the prime factors of c?
103
Let b be (-1)/5 + 176/80. Suppose -b*d = 2*d - 12. Suppose 5*i + l = 3*l + 318, d*i - 198 = 3*l. What are the prime factors of i?
2, 31
Let p = 2204 + 364. Suppose 2*k = -3*j + 1691, p = 4*j - 2*k + 332. What are the prime factors of j?
3, 11, 17
Let z be 18/4*(-64)/(-144). List the prime factors of (z/(-3))/(19/(-114)).
2
Let u be 369/(-3 - -4)*7. Let n = u + -1299. What are the prime factors of n?
2, 3, 107
Let p = 113 + -103. What are the prime factors of ((-5322)/30 + -5)*p/(-3)?
2, 19
Suppose 30 = -7*b + 12*b. Let s(w) = -114 + 99 + w**3 - 13*w**2 + b*w - 5*w**2. What are the prime factors of s(18)?
3, 31
Let s = 527 + 5810. List the prime factors of s.
6337
What are the prime factors of -30*(15344/(-80) - 13)?
2, 3
Let m = -5121 + 11806. What are the prime factors of m?
5, 7, 191
Let g(w) = -10*w - 15. Let x be g(2). List the prime factors of 532/(-8)*300/x.
2, 3, 5, 19
Let g(o) = -o**2 - 23*o + 15. Let z = -187 + 171. What are the prime factors of g(z)?
127
Suppose 0 = -4*t + 82665 - 5453. What are the prime factors of t?
97, 199
What are the prime factors of 6 + ((-2 - -6) + -3)*26448 - 3?
3, 2939
Suppose 2*y = -c + 473, 2*c - 42 = 2*y + 880. Let w = c + -235. What are the prime factors of w?
2, 5, 23
Let v = -92 + 96. Suppose 16 = -0*m + m. What are the prime factors of v/m + (-798)/(-8)?
2, 5
Let v(x) = -2709*x**3 - 3 + x**2 - 3*x + 1143*x**3 + 831*x**3. List the prime factors of v(-1).
2, 23
Suppose 0*s + 2*s = 80. Suppose -s = -9*r + 23. Suppose 400 = r*i - 629. What are the prime factors of i?
3, 7
Let f(v) be the first derivative of 10 + 1/3*v**3 + 15/2*v**4 + 0*v + 0*v**2. List the prime factors of f(1).
31
Suppose 160*x = 1846429 + 461411. List the prime factors of x.
2, 3, 601
Let g(x) = 2*x**2 - 26*x - 37. Let b be g(14). What are the prime factors of b/(-3) + -3 + (583 - -6)?
19, 31
Let f(k) = 380*k**3 - 12*k**2 + 52*k + 4. What are the prime factors of f(3)?
2, 1289
Suppose -2*a + 168 = -5*w + 69, -3*a = 4*w - 91. Suppose 2*q = -2*q - 3*c + 758, -5*c - 10 = 0. Let d = q - a. List the prime factors of d.
2, 7, 11
Suppose 3*l - 5*p = 273 - 881, 0 = p + 5. Suppose 4*y + 1075 + 35 = 3*z, 6 = -2*y. Let t = z + l. What are the prime factors of t?
5, 31
Suppose 67*w + 403 - 135 = 0. Let t(c) be the third derivative of -c**6/40 - 7*c**5/60 + c**4/6 + c**3 - c**2. What are the prime factors of t(w)?
2, 5, 7
Let q(i) = i + 21. Let g be q(-3). Let c(x) = -5*x + 47 - 3*x + 82 + g. List the prime factors of c(0).
3, 7
Let q = -92 - -108. Let c be ((-52)/q - -4)*8. What are the prime factors of (-49)/(4/(-2*c))?
3, 7
Let s(a) = 4*a**3 + 18*a**2 + 2*a + 220. List the prime factors of s(13).
2, 3019
List the prime factors of 40/12 - 234597/(-99).
3, 7, 113
Suppose -q = 2*t - 593 - 258, 443 = t - 3*q. Let h = t - 187. List the prime factors of h.
241
Suppose 83*p + 73*p + 85896 = 165*p. List the prime factors of p.
2, 1193
Suppose 31*r - 338104 + 81 = -54063. What are the prime factors of r?
2, 5, 229
Let m = 25 + -25. Let v be -29*2 + m - -2. Let w = v + 99. What are the prime factors of w?
43
Suppose 6*z - 764 = z + 2*d, -762 = -5*z + d. Let k(q) = z*q - 26*q + 9 + 7 - 71*q. List the prime factors of k(3).
181
Suppose -334 = -x + 2*v, -x = 2*x + 4*v - 1052. Suppose -x = -f + k, -2*f + 5*k = 2*k - 686. List the prime factors of f.
2, 173
Let r = 9017 - 3917. List the prime factors of r.
2, 3, 5, 17
Suppose 5*n + t = 0, 4*n - 3*t - 2*t = 0. Let w be (n - 3)/(-3) + -207. Let x = 361 + w. List the prime factors of x.
5, 31
Suppose 784*y - 222 = 782*y. Suppose -y*o = -101*o - 3130. What are the prime factors of o?
313
Suppose -19549 - 3005 = -18*u. Suppose -155 = 3*v - u. List the prime factors of v.
2, 3, 61
Let q = -8461 + 17453. List the prime factors of (q/(-160))/((-1)/5).
281
Let l = 6100 + 1782. List the prime factors of l.
2, 7, 563
Let a be (-108)/(-14) - (-4)/14. Let p be (8 - 1) + (178 - 221). List the prime factors of a/p*9*-1.
2
Let c be (-84)/15 - -5 - 46/(-10). Suppose -2*t + 706 + 742 = 4*w, 5*t = c*w - 1420. Suppose 0 = -p + 6*p - w. List the prime factors of p.
2, 3
Suppose -q = -5*s + 286254, q + 32 - 38 = 0. List the prime factors of s.
2, 3, 13, 367
Suppose 354 = 2*u + 2066. Let d = -605 - u. What are the prime factors of d?
251
Let o be (-25)/10*12/(-10). Suppose 5*l + 16 = 4*t + 4*l, 3*t - o*l = 12. Suppose 0 = 2*q - 2*k - 122, 2*q - 77 = -t*k + 21. What are the prime factors of q?
3, 19
Let i be 1097/(-4)*24/(-6). Suppose 2551 + i = 8*b. What are the prime factors of b?
2, 3, 19
Suppose -7*z + 8*z = -2*q + 238, 4*z = -5*q + 595. Suppose 4*a + q = 5*i, -3*a - a + 151 = 5*i. What are the prime factors of 963/i*(-1 - (0 - 4))?
107
Let c(d) = d**3 - 63*d**2 + 476*d + 148. List the prime factors of c(65).
2, 53, 373
What are the prime factors of (-8)/14 + (-23802727)/(-1673)?
41, 347
Let n(t) = -28*t - 180. Let w be n(-7). Suppose w*r - 35563 = -9675. What are the prime factors of r?
2, 809
What are the prime factors of ((3 - -3 - 10) + -380)*3/(-4)?
2, 3
Let c(z) = 7*z - 49. Let l be c(-6). Let s = l - -70. List the prime factors of (0 + 12/(-9))*s/14.
2
Let v = 5388 - 3109. Suppose -4*g = -6*s + 3*s - v, -3*s = 4*g - 2273. What are the prime factors of g?
569
Let y = 23420 - 13068. List the prime factors of y.
2, 647
Let t = -16 - -24. Let c = -1171 - -1864. Suppose o - t*o = -c. List the prime factors of o.
3, 11
Let u(z) = -z**3 + 8*z - 2. Let d(j) be the second derivative of -j**4/12 + j**3/3 + 9*j**2/2 + 9*j. Let y be d(5). What are the prime factors of u(y)?
2, 83
Let a(q) = 5 + q + 0*q + 0*q + 8*q**2. Suppose -j = 0, 7 = 4*s - j + 19. List the prime factors of a(s).
2, 37
Suppose 0 = 61*b - 60*b + 28315. List the prime factors of 2/11 + b/(-55).
5, 103
Let s(f) = -1185*f - 812. What are the prime factors of s(-44)?
2, 401
Let r = 11925 + -4140. List the prime factors of r.
3, 5, 173
Let c(p) = 147*p + 145. What are the prime factors of c(42)?
71, 89
Let h = 24 - 48. Let k(a) = a**2 + 17*a - 23. Let q(o) = 3*o**2 + 51*o - 69. Let r(t) = -11*k(t) + 4*q(t). What are the prime factors of r(h)?
5, 29
Let k(r) = -r**3 - 4*r**2 + r - 8. Let z be k(-6). Suppose -5*u + 62 = -z. What are the prime factors of u?
2, 3
Suppose -3 - 13 = -8*p. Suppose -p*f + 0*b + 130 = 4*b, -3*f + 4*b + 155 = 0. List the prime factors of f.
3, 19
Suppose -1630 = -l - 4*t - t, 0 = 3*l + t - 4946. Suppose -l = -15*r - 10*r. List the prime factors of r.
2, 3, 11
Let i be 102/136*(0 - -4). Suppose 4*r + 2*n = -i*n + 547, 5*r - 688 = -2*n. What are the prime factors o